test common factor of 24672119 and 41?
41
What is the highest common divisor of 12512 and 42998270?
782
Calculate the greatest common factor of 75637328 and 156.
52
Calculate the greatest common divisor of 594 and 64652247.
99
Calculate the greatest common divisor of 130 and 115417718.
26
Calculate the highest common factor of 152 and 300081934.
38
What is the greatest common factor of 38 and 1619047?
19
What is the greatest common factor of 10783 and 82902?
41
Calculate the highest common divisor of 63 and 1170687.
21
Calculate the highest common factor of 2673978 and 1086214.
2866
What is the highest common divisor of 717 and 18111898?
239
What is the highest common divisor of 411 and 203991?
3
What is the greatest common factor of 11806262 and 3094?
442
Calculate the greatest common factor of 12852 and 20770974.
2142
What is the highest common factor of 1404078 and 47492?
766
Calculate the greatest common divisor of 36685 and 24676355.
1265
What is the greatest common divisor of 65416 and 7059624?
1768
What is the greatest common factor of 830006 and 722068?
3722
What is the highest common factor of 12284 and 760944?
332
What is the greatest common divisor of 3440 and 1609232?
688
What is the greatest common factor of 1198386 and 20322?
18
What is the greatest common divisor of 355 and 23351687?
71
Calculate the highest common divisor of 15522 and 9654.
6
What is the greatest common factor of 3569909865 and 15?
15
What is the greatest common divisor of 89463 and 93890063?
2711
Calculate the highest common divisor of 2050278 and 1168.
146
Calculate the greatest common factor of 33984 and 44073.
531
Calculate the highest common divisor of 1251560 and 590.
10
What is the highest common divisor of 4038 and 134544?
6
What is the highest common divisor of 114233 and 5341?
7
What is the highest common divisor of 297345 and 47835?
15
What is the highest common divisor of 1845189379 and 11?
11
What is the highest common divisor of 44862 and 5928?
6
Calculate the highest common divisor of 2799 and 802125.
9
What is the highest common divisor of 1260 and 25239564?
252
Calculate the highest common factor of 99056 and 14627672.
1208
What is the greatest common divisor of 1486143950 and 4083?
1361
Calculate the greatest common divisor of 2542694 and 25669.
133
Calculate the greatest common divisor of 23287 and 2322349.
2117
Calculate the greatest common divisor of 792 and 1069074.
18
Calculate the highest common divisor of 98 and 201649.
7
Calculate the highest common divisor of 90 and 177315.
15
What is the highest common factor of 873 and 852727?
97
Calculate the highest common factor of 1656165 and 2625.
105
Calculate the greatest common divisor of 425520 and 405360.
720
Calculate the greatest common factor of 2826253 and 1292443.
1189
Calculate the highest common divisor of 1905016 and 38152.
152
Calculate the greatest common factor of 32552845 and 3537.
131
Calculate the highest common factor of 63 and 1522487358.
63
Calculate the greatest common divisor of 6656 and 200760.
8
Calculate the greatest common factor of 19 and 167828729.
19
What is the highest common factor of 500840 and 11970?
190
Calculate the greatest common divisor of 45618660 and 178020.
4140
Calculate the greatest common divisor of 5157 and 306364.
191
What is the greatest common factor of 10878 and 7455546?
294
Calculate the greatest common factor of 1157145590 and 20.
10
What is the highest common divisor of 477652320 and 28836?
3204
Calculate the greatest common factor of 911 and 116734.
1
What is the greatest common divisor of 1714 and 193104382?
1714
Calculate the greatest common divisor of 309790880 and 1120.
1120
Calculate the highest common factor of 2304 and 3695168.
64
Calculate the greatest common factor of 98096 and 36368.
16
Calculate the highest common divisor of 192 and 3738444.
12
What is the greatest common divisor of 17415624 and 16?
8
What is the highest common divisor of 372938688 and 2812?
2812
Calculate the highest common divisor of 149 and 398978492.
149
What is the greatest common factor of 13504500 and 17625?
375
Calculate the greatest common factor of 2532320 and 23380.
140
Calculate the highest common divisor of 1993911 and 16515.
1101
Calculate the greatest common divisor of 3311136 and 864.
288
Calculate the greatest common factor of 27150 and 68850.
150
Calculate the greatest common divisor of 11349941 and 20803.
293
What is the highest common divisor of 5284767 and 3372?
843
Calculate the greatest common factor of 1805 and 47849467.
361
Calculate the greatest common factor of 204 and 407696.
4
What is the highest common factor of 28096 and 6161804?
1756
What is the highest common factor of 32915 and 9995945?
1135
Calculate the greatest common factor of 249 and 41468045.
83
What is the highest common factor of 5 and 924320?
5
What is the highest common divisor of 99849405 and 345?
15
What is the highest common divisor of 888 and 489732?
444
What is the greatest common factor of 1089 and 1400053611?
363
What is the highest common divisor of 30 and 22163090?
10
Calculate the greatest common divisor of 9622363 and 907.
907
Calculate the greatest common divisor of 6 and 127254717.
3
Calculate the greatest common factor of 534823 and 1431.
53
Calculate the greatest common factor of 12613391 and 14.
7
What is the greatest common divisor of 214738612 and 88?
44
What is the greatest common factor of 279447248 and 87?
29
Calculate the highest common factor of 6 and 70312374.
6
Calculate the highest common divisor of 5461686 and 1944.
18
What is the highest common divisor of 85 and 528855?
5
Calculate the highest common factor of 6580 and 37988300.
140
What is the greatest common factor of 6795634 and 1333?
1333
Calculate the greatest common factor of 37071 and 3717.
9
Calculate the highest common factor of 3042403 and 134.
67
Calculate the greatest common factor of 520325 and 2327.
13
Calculate the highest common factor of 46623600 and 7200.
3600
Calculate the greatest common divisor of 83821 and 53061.
769
Calculate the highest common factor of 678 and 189055554.
678
What is the greatest common divisor of 2000 and 6220800?
400
What is the highest common factor of 414 and 1358622?
18
Calculate the greatest common factor of 4191 and 135069.
33
What is the highest common divisor of 3227 and 35693847?
3227
Calculate the highest common divisor of 1417997 and 231.
7
What is the highest common factor of 13714498 and 168?
14
What is the highest common divisor of 900 and 4187376?
36
What is the greatest common divisor of 2040 and 364674960?
120
Calculate the greatest common divisor of 43551852 and 696.
348
What is the highest common factor of 35139 and 140794?
17
What is the greatest common divisor of 108337 and 271256?
827
Calculate the highest common divisor of 2244 and 6472708.
44
Calculate the greatest common factor of 20485 and 683995.
85
What is the greatest common factor of 2276 and 422129720?
2276
What is the highest common divisor of 74302 and 2037?
97
What is the highest common factor of 3836095 and 23405?
155
What is the highest common factor of 175 and 4507225?
25
What is the highest common divisor of 2393920 and 5?
5
Calculate the highest common divisor of 109217513 and 8882.
4441
What is the highest common factor of 39363 and 486303623?
13121
Calculate the highest common factor of 323900 and 89507.
79
Calculate the highest common factor of 164455 and 3396261.
1061
What is the greatest common factor of 45788033 and 766?
383
What is the highest common factor of 11105 and 9432587?
2221
What is the highest common factor of 1300 and 194500150?
650
What is the highest common divisor of 41646356 and 548?
548
What is the highest common divisor of 29730901 and 178096?
11131
Calculate the highest common factor of 5915035 and 315.
35
Calculate the highest common factor of 15204415 and 62.
31
What is the highest common factor of 27275918 and 1158?
386
Calculate the highest common divisor of 1836 and 1636556.
68
Calculate the greatest common divisor of 68877088 and 29.
29
Calculate the highest common factor of 39899330 and 2710.
2710
Calculate the greatest common factor of 86468391 and 378.
27
What is the greatest common divisor of 598 and 5288166?
26
What is the